231103 (base 6) to base 5
4302234203
What is 3022120033 (base 4) in base 3?
1120010002121
What is -1022121120112 (base 3) in base 10?
-700988
Convert -54333 (base 7) to base 4.
-3103230
-3110111111 (base 4) to base 6
-30350245
110111111100111011 (base 2) to base 13
80412
What is aa7980 (base 13) in base 4?
33110112320
What is 348aba (base 12) in base 9?
1526817
What is 565898 (base 10) in base 4?
2022022022
What is -597a4aa (base 12) in base 7?
-300216130
-22102200202 (base 3) to base 9
-272622
Convert 221648 (base 13) to base 9.
1453428
1101100101111110 (base 2) to base 10
55678
Convert -2521761 (base 8) to base 7.
-5633013
16b6c6 (base 15) to base 8
4147732
Convert 37380 (base 13) to base 11.
6a430
Convert -32017451 (base 8) to base 6.
-402131145
Convert -121132200101 (base 4) to base 16.
-65e811
-334010100 (base 5) to base 16
-166bd8
Convert 10430505 (base 7) to base 8.
3332260
What is 118971b (base 13) in base 8?
24617622
Convert -11122312112 (base 4) to base 3.
-2200011211022
20de0 (base 15) to base 16
197c1
What is -111b0d (base 14) in base 4?
-2031320201
-3163156 (base 9) to base 2
-110011101110101010001
Convert -831971 (base 10) to base 4.
-3023013203
-10210101100 (base 3) to base 13
-27c84
Convert 767762 (base 9) to base 13.
130883
-86101 (base 13) to base 6
-5103344
442406 (base 9) to base 16
40824
What is 335984 (base 11) in base 8?
2024600
Convert 25c88 (base 16) to base 2.
100101110010001000
What is -22021020200020 (base 3) in base 10?
-4394175
Convert 23021203020 (base 4) to base 15.
3caeb6
What is -3302331222 (base 4) in base 6?
-33155150
37e94 (base 15) to base 11
112366
What is -121013230 (base 4) in base 7?
-605656
What is 24420311 (base 6) in base 12?
317697
Convert -11011100001000010 (base 2) to base 7.
-646406
Convert -220143412 (base 5) to base 2.
-11100110010111110111
What is 99c146 (base 13) in base 4?
31311010331
What is 134247 (base 14) in base 10?
664503
3034042 (base 5) to base 6
1020040
Convert -11232321 (base 5) to base 7.
-603664
4651741 (base 8) to base 5
311013112
What is 1012120222101 (base 3) in base 14?
129ad9
What is -522405 (base 9) in base 13?
-ab230
Convert 221201200121 (base 3) to base 7.
4206316
-12201010001100 (base 3) to base 12
-1023539
Convert -101001111000110101111 (base 2) to base 6.
-45230331
Convert 2110110110022 (base 3) to base 9.
2413408
What is 2016415 (base 7) in base 16?
3a95d
What is -13c9510 (base 14) in base 7?
-144564620
What is -1374175 (base 8) in base 10?
-391293
Convert -1010010110100010000 (base 2) to base 5.
-41323331
What is 3213130 (base 5) in base 10?
54165
What is -13117373 (base 8) in base 12?
-b90363
-6b971a (base 14) to base 2
-1110000001010111011100
What is -3c2b42 (base 16) in base 13?
-a80a99
-6211036 (base 10) to base 3
-102200112221101
What is -5648b (base 15) in base 16?
-42fe6
113391 (base 10) to base 7
651405
Convert -231312 (base 6) to base 14.
-72c4
What is 12041243102 (base 5) in base 14?
1c0953a
Convert -11001100011011100111100 (base 2) to base 5.
-3203330222
Convert 1021000110200 (base 3) to base 8.
2433574
What is -1b57b3 (base 12) in base 13?
-1406c4
Convert 431400101 (base 5) to base 4.
12331210002
What is 2024220414 (base 5) in base 10?
4132609
101736 (base 10) to base 3
12011120000
Convert 2321311033 (base 5) to base 8.
24041557
What is 110010110000001101 (base 2) in base 6?
4242233
28058 (base 15) to base 9
215032
Convert 65a6585 (base 11) to base 3.
210210211002201
What is -2276614 (base 9) in base 10?
-1231780
What is -6aa9a (base 15) in base 3?
-122021020201
-30001131 (base 4) to base 9
-74486
-6213458 (base 9) to base 4
-30221202131
Convert -26537320 (base 8) to base 9.
-12163775
-111011221012212 (base 3) to base 6
-410054252
What is 1130203110 (base 4) in base 6?
12043020
Convert 824a7 (base 13) to base 6.
5001531
Convert -a6b94 (base 12) to base 14.
-59d72
1033595 (base 12) to base 16
2e9a81
What is 103352562 (base 8) in base 16?
10dd572
What is 226461 (base 7) in base 9?
61756
Convert 13032544 (base 6) to base 5.
102040212
What is 54b09 (base 15) in base 14?
70101
What is -12012202212212 (base 3) in base 7?
-32360156
Convert -64063 (base 11) to base 6.
-1555355
-624a4 (base 12) to base 10
-128572
Convert 2202010020 (base 3) to base 14.
15997
-22110121020 (base 3) to base 5
-20313100
Convert -3796446 (base 10) to base 6.
-213212050
Convert -155536 (base 7) to base 3.
-1120020201
-6205362 (base 7) to base 6
-23520250
-2350236 (base 9) to base 13
-357594
24888c0 (base 14) to base 3
1020000012020220
What is 110766 (base 10) in base 15?
22c46
Convert 212163 (base 8) to base 13.
2629c
What is -114422311 (base 5) in base 12?
-223703
What is -2254bb (base 12) in base 11?
-345102
What is -407b4 (base 14) in base 5?
-14431234
What is 131210213 (base 7) in base 13?
1979633
Convert -fc52 (base 16) to base 15.
-14214
-3110204 (base 6) to base 2
-100100011001111100
Convert 10001021111 (base 3) to base 10.
59980
Convert -21320313 (base 4) to base 15.
-c003
What is -131421233 (base 5) in base 7?
-5364235
Convert -10011110010100100 (base 2) to base 10.
-81060
What is -4b9284 (base 12) in base 5?
-304124424
-1102550 (base 9) to base 6
-20410330
Convert 2379651 (base 10) to base 12.
969143
Convert 21211110120 (base 3) to base 12.
75266
-602130 (base 8) to base 11
-125606
3545662 (base 8) to base 5
222012100
102313213 (base 4) to base 16
12de7
-111021020220 (base 3) to base 10
-261168
What is -332142322 (base 5) in base 7?
-15161226
-4325345 (base 11) to base 13
-1763b55
What is -3314824 (base 9) in base 5?
-424002432
-16252012 (base 7) to base 8
-6005507
Convert 110001000011010001001 (base 2) to base 5.
402413210
361411 (base 8) to base 3
20021121220
Convert -11121120020201 (base 3) to base 15.
-3366dd
What is 1123140432 (base 5) in base 2?
1001101111001100101001
What is 12122101100000 (base 3) in base 12?
1007899
Convert 1044434132 (base 6) to base 13.
249aca9
What is -10113125 (base 6) in base 12?
-11b7a5
What is 11021220200011 (base 3) in base 14?
435667
Convert 3432234 (base 8) to base 15.
135c9c
215654063 (base 7) to base 10
13055654
244442104 (base 6) to base 3
22211220102111
154d1ca (base 15) to base 5
12422344130
What is 1132322 (base 7) in base 2?
100010110010101100
1a221 (base 12) to base 9
57517
What is 440312342 (base 6) in base 16?
77fc66
Convert 111110111101101101 (base 2) to base 4.
332331231
-43551344 (base 6) to base 15
-1abbd4
-38afab (base 16) to base 12
-12b1a63
Convert -532031500 (base 6) to base 9.
-18507780
What is 664693 (base 11) in base 7?
12004160
Convert -c3a3b3 (base 14) to base 6.
-353223053
Convert 125f7be (base 16) to base 13.
3cb6cb3
Convert -143523100 (base 6) to base 3.
-12121110211100
-1136543 (base 7) to base 5
-14101433
-331214 (base 9) to base 13
-6c004
Convert -53646c (base 13) to base 3.
-10200101021000
What is 134005251 (base 6) in base 11?
1589a8a
-220212202120021 (base 3) to base 16
-c9c18d
What is -3637138 (base 9) in base 2?
-111100001110100001111
What is 1306652 (base 14) in base 3?
122020102010221
-11010100011011111 (base 2) to base 3
-12112012102
Convert -5574c4 (base 13) to base 14.
-3a6713
32660064 (base 7) to base 5
1210234341
b32a9 (base 13) to base 10
321239
-1000022022 (base 3) to base 10
-19907
Convert 7224157 (base 8) to base 9.
3532226
Convert -10012212201011 (base 3) to base 16.
-1a17c6
-1013132212123 (base 4) to base 13
-3b60920
-402103 (base 6) to base 8
-75527
Convert 2044dc (base 16) to base 5.
1020133110
-381596 (base 10) to base 3
-201101110012
-34466345 (base 7) to base 15
-3eb4d2
113131313 (base 4) to base 11
66241
-34c886 (base 16) to base 6
-202050502
What is 3215240 (base 7) in base 11?
247686
198072 (base 13) to base 11
4013a3
-438606 (base 9) to base 3
-111022200020
Convert 1796b6 (base 14) to base 13.
232081
Convert 11554224 (base 6) to base 8.
1330250
Convert -10000001010111000 (base 2) to base 10.
-66232
What is 24305511 (base 6) in base 5?
144133331
-286595 (base 13) to base 16
-f0887
Convert -26129 (base 13) to base 15.
-15d58
354414 (base 6) to base 9
46251
What is -4a043b (base 12) in base 2?
-100100101110001101111
34549 (base 11) to base 2
1100001011110001
Convert 14aa90b (base 13) to base 10.
6621093
What is 101211121121 (base 3) in base 7?
1545625
-83629 (base 10) to base 12
-404